2 + 9*w - 9. Give a(p).
-1
Let r be -13 + (-5)/(30/(-42)). Let j(m) = -5*m**3 + 12*m**2 + 14*m + 5. Let a(s) = -9*s**3 + 20*s**2 + 27*s + 11. Let y(t) = -4*a(t) + 7*j(t). Determine y(r).
-21
Let b(j) be the second derivative of -2*j**3/3 + j**2/2 - 23*j. Suppose 461 = 14*y + 181. Suppose l + y = 11*l. Give b(l).
-7
Let d(q) = 2*q**3 - 3*q**2 + 7*q - 3. Let o(f) = f**2 - 67*f + 369. Let z be o(6). Determine d(z).
45
Let k(t) = 123 - 246 + 122. Suppose 3*r - 7 = -4*a, -1 = -2*a + 3*r - 2*r. Let g(q) = q + 4. Let f(y) = a*g(y) - k(y). Calculate f(-7).
-2
Let w(h) = -h**2 - 7*h - 2*h**2 + 2*h**2 + 4. Let y(s) = 12*s**2 - 4*s**2 - 7*s**2 + 17*s - 19 - 7. Let n be y(-18). What is w(n)?
-4
Let y = 408 - 395. Let l be (-6 + y + -8)*0. Let v(x) = -x**2 - 5*x + 12. Let c(n) = -n - 1. Let z(u) = 5*c(u) - v(u). Give z(l).
-17
Let m(d) = -d**2 + 17*d - 154. Let i(o) = o**2 - 2*o - 2. Let y(s) = -2*i(s) - m(s). Give y(-20).
18
Let v = 1301 - 1297. Let j(z) = -z**3 + z**2 + 5*z - 4. Calculate j(v).
-32
Let f(r) = -13*r**3 + 25*r**2 - 6*r + 7. Let g(m) = -9*m**3 + 17*m**2 - 4*m + 5. Let p(o) = -7*f(o) + 10*g(o). Let s(k) = 3*k - 4. Let w be s(3). What is p(w)?
11
Let g(l) = 0*l + 2*l + 1 + 0 + 0*l. Suppose 36 = 9*x - 27. Suppose 0 = -4*c + 4*h - 4 - 0, -5*h - x = c. Calculate g(c).
-3
Let l = -533/8 + 537/8. Let w(o) be the first derivative of l*o**2 + 11/4*o**4 + 0*o - 7 - 1/3*o**3. Calculate w(1).
11
Let v(a) be the second derivative of -a**3/2 - 36*a**2 + a + 1638. Calculate v(-21).
-9
Let a be (-15)/35 - (-12)/28. Let p(y) = 93 + 62 + y + a*y - 137. What is p(0)?
18
Let p be ((-93)/(-124))/(402/400 - 1). Suppose p = 10*h + 100. Let l(u) = u**3 - 5*u**2 + u + 6. Calculate l(h).
11
Suppose 20 = 28*p - 36. Let q(v) = 915 - 13*v**p + v - 916 + 3*v**2. Calculate q(1).
-10
Suppose -12 = -2*l + 2. Let i(j) be the second derivative of j**6/720 - 3*j**5/40 + 38*j**4/3 - 11*j. Let p(v) be the third derivative of i(v). Give p(l).
-2
Let d(m) be the first derivative of -21*m**2/2 - 183*m - 697. Give d(-9).
6
Let t = 1960 + -1995. Let o = -13 - -46. Let b = o + t. Let q(n) = n**3 + n**2 - 2*n - 3. Calculate q(b).
-3
Let p be ((-2)/6)/(1/(-3)). Suppose q - 46 + 31 = 0. Let s(b) = b - q*b**2 + 50*b**2 - 31*b**2 - 1. Calculate s(p).
4
Let q(c) = 30 - 19*c - 2*c**2 - 36 + 21*c + 8*c. What is q(6)?
-18
Suppose 0*n + 3*n - 3 = -3*g, 4*n - 1 = -3*g. Let r(t) = 7*t**3 - 1 - t + 13*t**g - 19*t**3 + t**2. Let z be r(0). Let k(c) = 2*c + 1. Give k(z).
-1
Let r(y) = y**2 + 30*y - 59. Let z be r(-18). Let i = -269 - z. Let l(v) = 2*v - 9. Give l(i).
3
Let m(f) be the third derivative of -5*f**4/6 + 29*f**3/3 + f**2 - 1046. Give m(3).
-2
Let i(c) = 4*c**2 + 4*c + 3. Let g be ((-6)/4)/(3/2). What is i(g)?
3
Let p = -1699 - -1710. Let a(m) = -5*m + 42. Give a(p).
-13
Let i(p) = -3*p**3 + 12*p**2 + 11*p - 5. Let w(b) = -25*b**2 - 29*b**2 - 21*b + 9 + 5*b**3 + 31*b**2. Let m(f) = -7*i(f) - 4*w(f). Determine m(-7).
-1
Suppose -3*i - i - 5*v + 46 = 0, -5*i + 3*v + 2 = 0. Let b(d) = 70*d - 276. What is b(i)?
4
Let u(h) = -16*h**2 - 9*h + 11. Suppose 5*d = 4*n - 24, -3*n + 3*d = 19 - 34. What is u(n)?
-14
Let h(f) = 9*f**2 + 11*f + 12. Let p(w) = -68*w**2 - 79*w - 84. Let q(r) = 15*h(r) + 2*p(r). Let b(o) = -o**2 - 14*o - 15. Let y be b(-12). Give q(y).
-6
Let n(v) = -v**3 - 14*v**2 - 9*v + 54. Let s be n(-13). Let y(m) = -10*m + 2 + 6*m - 28*m**2 + 33*m**s. Determine y(2).
14
Let j(z) = -4*z + 7. Let y(n) = -25*n + 45. Let l = -334 - -295. Let p(u) = l*j(u) + 6*y(u). Determine p(2).
9
Let z(i) = i - 5. Suppose 19 = -14*f + 75. Suppose j + 37 = 4*j + f*y, y + 17 = 3*j. Give z(j).
2
Let o(c) = 227*c + 4067. Let p be o(-18). Let n(h) = h**2 + 28*h + 6. Calculate n(p).
-165
Suppose -8 = -4*k - 0. Let c(f) = 195 + 2*f - 196 - f - 2*f**k. Let o = -1 + 2. Determine c(o).
-2
Suppose 134 = 34*u + 2*i, -12 = -4*u + 8*i - 12*i. Let r(m) = m**2 - 3*m + 8. Calculate r(u).
12
Let m(j) = -j**3 + 10*j**2 + 11*j - 6. Let y = 313 - 327. Let f(s) = -s**3 - 14*s**2 + 11. Let n be f(y). Give m(n).
-6
Let h(y) = y**2 - y + 14. Suppose -18*d + 4*d + 56 = 0. Suppose -d*v = -35 + 35. Calculate h(v).
14
Let l(y) = 5*y + 6 + 3*y + 21 + 157 - 17*y. Determine l(18).
22
Let g = -210 + 276. Suppose -73*w = -g*w + 14. Let b(n) = -2*n**2 - 2*n - 2*n**2 + n**2 - 2*n**3. Determine b(w).
8
Let q(p) = 3*p + 24. Let y(t) = -29*t - 98. Let c(s) = -4*q(s) - y(s). Calculate c(2).
36
Let j(l) = 13*l - 119. Let s be 1332/(-333)*(-2 + (-2 - -1) - -1). Determine j(s).
-15
Let u be 23 + (-2 + 0)/((-12)/(-18)). Suppose g = -3*b - 11, 3*g - 12*b + u = -8*b. Let n(h) = -h**2 - 10*h + 10. Determine n(g).
26
Let y be 40/15 - 2*(-1)/6. Suppose -1 = 2*k + 3, y*r - 110 = -5*k. Let t(p) = r*p**2 - 41*p**2 + 60 - p**3 - 73. Determine t(0).
-13
Let a(s) be the second derivative of s**5/20 - 19*s**4/12 + 10*s**3/3 - 22*s**2 - 6487*s. Give a(18).
-8
Let u(p) = -11*p**2 + 82*p - 1171. Let z(f) = -14*f**2 + 103*f - 1465. Let q(k) = 19*u(k) - 15*z(k). Determine q(11).
-10
Let i be (1*-5)/((-17)/(-34)). Let n(a) be the second derivative of -a**5/120 - a**4/3 - a**3 - 16*a. Let b(q) be the second derivative of n(q). Determine b(i).
2
Let a(o) = -o**2 + 32*o - 29. Let t(b) = 25*b - 28. Let z(y) = 3*a(y) - 4*t(y). What is z(4)?
-39
Let f(b) = -7*b**2 + 2*b**3 - 7 - 8*b**3 + 7*b**3 + b. Let z(h) = 4*h**2 + 4*h + 3. Let s be z(-1). Let t be (-30)/(-5) - s - (1 - 5). What is f(t)?
0
Let w(j) = 23*j - 6*j**2 - 9*j**2 - 114 - 7*j**2 + 22*j**2 - j**2. Determine w(8).
6
Suppose 2*m + 6 = -5*q, -2*q - 12 = 5*m - 3*m. Let o(j) = -18*j - 1242. Let a(w) = 20*w + 1395. Let k(y) = -8*a(y) - 9*o(y). Calculate k(m).
2
Let o be -3 + 1 - 198/(-33). Suppose 5*i - 52 = 383. Let f(c) = 91 + i - 177 + o*c. Calculate f(1).
5
Let h(j) = j**3 - 14*j**2 - 2*j + 22. Let b be (-162)/108*(-56)/6. Determine h(b).
-6
Let j(s) be the first derivative of s**3/3 - 3*s**2 - 67*s - 12135. Determine j(-6).
5
Let z be (-26)/3 + 2/(-6). Let g(b) = b**2 - 138*b + 1 + 7 + 148*b. Calculate g(z).
-1
Let h(n) = 0*n**2 + 5 + n**2 + 111885*n - 111889*n. Calculate h(4).
5
Let u(f) be the second derivative of -f**5/20 - 17*f**4/12 + 11*f**3/3 + 2209*f. Calculate u(-18).
-72
Let i(l) = l**2 + 6*l + 4. Let h(j) = j - 13. Let v(o) = 8*o - 46. Let m be v(8). Let n be h(m). Suppose 15 = -n*y + 2*y. What is i(y)?
-1
Let b(r) be the second derivative of -3*r**5/20 - r**4/12 + 3*r**2 + 5*r + 48. Calculate b(-3).
78
Let g(y) = -15*y**3 + y**2 + 2*y - 9. Let l(m) = -17*m**3 + m**2 + 2*m - 10. Let d = -221 - -227. Let f(t) = d*l(t) - 7*g(t). Give f(2).
19
Let i(v) = -v + 189. Let x be i(0). Let a(t) = 5 - x*t - 184*t + 5 + 372*t. Let b(p) = -p**2 + 7*p + 18. Let c be b(9). Calculate a(c).
10
Suppose 2*c + 10 = -0. Suppose 0 = 5*i + 4*f - 2 - 2, -1 = 3*i - f. Let u(l) = -4*l**2 + i - 5*l - l**3 + 2 + 10*l. Determine u(c).
2
Let v = -456 - -456. Let o(p) be the third derivative of 3/2*p**3 + 0 + v*p + 1/24*p**4 + 7*p**2. Give o(0).
9
Let n(t) = -t + 17. Let s(q) = 3*q - 51. Suppose -6*y = 505 - 523. Let f(c) = y*s(c) + 8*n(c). Suppose -18 = 4*j - 66. Calculate f(j).
-5
Let t(o) = o**2 + 1. Let y(z) = -z**3 - 12*z**2 - 2*z - 6. Let q(f) = 6*t(f) + y(f). Let h(r) = r**2 + 14*r - 318. Let n be h(12). Determine q(n).
12
Let f(g) = -g**2 - 4*g + 7. Let p be f(-5). Let h(u) = p - 3 - 2 - 4*u + 2*u. Let x = -743 + 738. What is h(x)?
7
Let d(p) = 6*p + 3 + 1 + 2 + 3 - 4. Determine d(-1).
-1
Let o(j) = 51 + 110*j - 126*j - 63. What is o(-2)?
20
Let n(i) = 4*i - 57. Let w be n(18). Let q(o) = -27*o**2 - 2*o + 13*o**2 + w*o**2 + 11 + 12*o. Calculate q(-10).
11
Let h(k) = -21 + 152*k - 2 - 48*k + 23. Give h(1).
104
Let l = -139 - -216. Let r = -81 + l. Let q(a) = -a**2 - 7*a - 6. Give q(r).
6
Let c(o) = o**3 + 328*o**2 - 11*o - 17. Let q(f) = 2*f**3 + 623*f**2 - 22*f - 33. Let v(h) = -19*c(h) + 10*q(h). What is v(5)?
13
Let l(h) = -h**2 + 3*h + 12. Let a be l(5). Let g be (2 - 3) + (a - (4 - 0)). Let s(b) = -b + 1. Calculate s(g).
4
Suppose 372 = -6*r + 1314. Suppose -150*b = -r*b + 63. Let l(h) = -h**3 + 9*h**2 + 2*h + 5. Give l(b).
23
Suppose 167 - 47 = 5*x. Let h be x/(-18) + 4/12. Let n(f) = -6*f - 1. Let t(y) = 30*y + 5. Let i(j) = -11*n(j) - 2*t(j). What is i(h)?
-5
Let w(h) = 2 - 17*h**2 - 5*h + 8*h**2 - 2*h**2 